6
Let g(t) = -2*t**3 + 4*t**2 - 771*t - 1566. What is g(-2)?
8
Let p(o) = -o**3 - 14*o**2 - 49*o + 16. Calculate p(-12).
316
Let x(j) = -6*j - 330. Determine x(-52).
-18
Let m(j) = -2*j**3 - 110*j**2 + 1010*j - 9. Determine m(8).
7
Let j(q) = 331*q**2 - 2647*q - 2. Give j(8).
6
Let z(b) = 6*b - 71. What is z(9)?
-17
Let c(r) = -4*r + 77. Give c(10).
37
Let u(z) = z**3 - 4*z**2 + 163*z + 529. Determine u(-3).
-23
Let b(f) = -564*f + 7307. Calculate b(13).
-25
Let a(h) = h**2 - 20*h - 54. What is a(22)?
-10
Let s(d) = 418*d - 30. Determine s(1).
388
Let o(x) = 424*x**2 - 5943*x + 102. Give o(14).
4
Let a(n) = -25*n**2 - 57*n - 7. Give a(-2).
7
Let x(i) = -i**3 + 24*i**2 + 142*i + 93. What is x(29)?
6
Let c(h) = -64*h + 1549. Calculate c(24).
13
Let j(u) = 43*u**2 + 510*u - 82. Calculate j(-12).
-10
Let s(l) = -l**2 - 8*l + 1065. Calculate s(32).
-215
Let o(g) = -71*g - 603. What is o(-10)?
107
Let z(s) = 98*s + 5862. Give z(-60).
-18
Let l(w) = -w**3 - 23*w**2 + 143*w + 57. What is l(-28)?
-27
Let c(m) = 1307*m + 58817. Give c(-45).
2
Let i(u) = u**3 - 10*u**2 - 2*u + 71. Give i(9).
-28
Let c(y) = 469*y + 1962. Give c(-4).
86
Let c(u) = -u**2 - 50*u + 1238. Determine c(18).
14
Let f(n) = 3*n**3 + 76*n**2 + 96*n + 55. What is f(-24)?
55
Let s(r) = -28*r + 574. Give s(22).
-42
Let w(z) = 29*z - 820. What is w(30)?
50
Let c(b) = -b**3 - 7*b**2 - 1. Determine c(-5).
-51
Let b(p) = 35*p - 674. Determine b(19).
-9
Let h(s) = -25*s**2 - 1518*s + 419. Determine h(-61).
-8
Let y(o) = 23*o + 259. Determine y(-12).
-17
Let v(g) = g**2 - 498*g - 8214. Calculate v(-16).
10
Let a(k) = k**3 + 48*k**2 - 77*k - 1392. What is a(-49)?
-20
Let f(y) = y**2 - 87*y + 1886. Determine f(44).
-6
Let g(r) = -1743*r - 221353. Give g(-127).
8
Let n(x) = -x**2 - 152*x - 5605. Calculate n(-62).
-25
Let p(t) = 261*t + 29718. Determine p(-114).
-36
Let d(l) = -l**2 + 149. Give d(12).
5
Let f(y) = y**2 - 333*y - 67446. Give f(-142).
4
Let r(x) = 118*x + 704. Give r(-6).
-4
Let g(f) = 15*f + 77. Give g(-8).
-43
Let r(x) = -14*x + 319. Determine r(26).
-45
Let i(j) = 10*j - 97. Give i(8).
-17
Let j(a) = -3*a**2 + 507*a + 2642. Give j(174).
32
Let c(m) = -19*m**2 + 30*m - 58. Determine c(2).
-74
Let w(j) = -92*j**2 - 1382*j - 29. Determine w(-15).
1
Let d(h) = 20*h - 435. Give d(20).
-35
Let t(h) = 6*h - 248. Calculate t(29).
-74
Let v(l) = -10*l - 233. What is v(-24)?
7
Let r(w) = -4*w**3 + 100*w**2 - 17*w + 449. Determine r(25).
24
Let o(m) = -2*m + 181. Give o(36).
109
Let t(n) = 2*n**3 - 30*n**2 + 53*n - 1. What is t(2)?
1
Let r(g) = 1235*g - 12354. Give r(10).
-4
Let z(n) = 29*n**3 + 6*n + 5. What is z(-1)?
-30
Let w(z) = z**2 - 7*z - 34. Calculate w(6).
-40
Let j(v) = 3*v**2 - 17*v - 27. Give j(-2).
19
Let i(x) = 3*x**2 - 39*x - 211. What is i(-7)?
209
Let i(g) = -40*g + 1580. Calculate i(44).
-180
Let j(i) = 7*i**2 + 19*i + 105. Determine j(-10).
615
Let d(l) = l**2 + 99*l + 385. Calculate d(-4).
5
Let h(s) = 43*s**3 - 165*s**2 + 4*s + 6. Calculate h(4).
134
Let v(o) = -o**2 - 76*o + 698. Determine v(8).
26
Let v(k) = 130*k - 4585. Give v(36).
95
Let o(t) = 71*t + 126. Give o(-2).
-16
Let k(b) = -523*b - 2090. What is k(-4)?
2
Let z(w) = 6*w**2 + 376*w + 285. Give z(-62).
37
Let n(f) = -4*f**3 + 22*f**2 - 11*f + 1. Give n(6).
-137
Let t(w) = -311*w - 2135. What is t(-7)?
42
Let b(g) = g**2 - 43*g - 3446. What is b(84)?
-2
Let a(h) = 78*h + 324. Calculate a(4).
636
Let a(u) = -330*u + 2320. Calculate a(7).
10
Let o(w) = -71*w + 3209. Give o(45).
14
Let z(c) = 4*c**2 + 7*c - 157. What is z(-7)?
-10
Let a(f) = -f**2 + 206*f + 843. Determine a(-4).
3
Let b(w) = w**3 - 18*w**2 + 8*w + 9. Give b(1).
0
Let l(u) = -2*u**3 + 5*u**2 + 6*u - 6. Determine l(-2).
18
Let i(f) = -19*f**3 + 154*f**2 - 11*f - 46. Calculate i(8).
-6
Let c(m) = 4*m**3 - 5*m**2 + 11*m + 12. What is c(5)?
442
Let j(s) = s**2 - 6. Calculate j(-3).
3
Let v(c) = 185*c - 4635. Give v(25).
-10
Let k(b) = -b**2 + 628*b + 8340. What is k(-13)?
7
Let x(r) = r - 28. Determine x(-10).
-38
Let w(y) = -y**3 + 26*y**2 - 88*y + 1572. Give w(25).
-3
Let o(y) = -y**3 - 130*y**2 + 3*y + 386. Determine o(-130).
-4
Let t(o) = -o**3 + 5*o**2 - 2*o + 17. Determine t(4).
25
Let x(a) = 14*a**3 - 6*a**2 + 19*a - 12. Give x(2).
114
Let l(f) = -5*f**3 - 17*f**2 - 13*f - 108. Calculate l(-4).
-8
Let w(n) = 74*n + 679. Calculate w(-11).
-135
Let i(d) = -d**3 - 8*d**2 + 45*d + 361. Determine i(-8).
1
Let m(v) = v**2 + 78*v - 788. Give m(9).
-5
Let w(x) = 32*x + 38. What is w(-12)?
-346
Let r(j) = j**3 + 8*j**2 + 20*j - 5. Calculate r(-7).
-96
Let l(d) = 221*d - 1555. Give l(7).
-8
Let b(k) = -2*k**3 - 16*k**2 - 36*k - 20. Give b(-5).
10
Let w(b) = -85*b - 3568. Calculate w(-42).
2
Let m(p) = p**3 + 19*p**2 + 2*p + 35. Give m(-19).
-3
Let c(d) = -128*d**3 + 2*d**2 + 4*d - 5. Give c(1).
-127
Let w(g) = 38*g - 663. Determine w(17).
-17
Let v(k) = -3*k + 287. Determine v(95).
2
Let t(w) = -w - 20. What is t(-13)?
-7
Let p(c) = -c**3 + 24*c**2 - 141*c - 37. Give p(12).
-1
Let q(v) = 2*v**3 - 163*v**2 + 49*v + 2591. Give q(81).
-1
Let m(a) = -a**3 + 38*a**2 - 63*a + 955. Determine m(37).
-7
Let k(z) = -z**2 - 12*z + 15. Calculate k(-12).
15
Let z(c) = c**3 - 11*c**2 - 18*c - 7. Calculate z(11).
-205
Let h(s) = -8*s**2 - 3*s - 30. What is h(-3)?
-93
Let q(v) = v**3 + 5*v**2 + 38*v + 164. Calculate q(-5).
-26
Let z(w) = -w**2 + 20*w - 86. What is z(8)?
10
Let j(g) = 41*g**2 - 107*g + 1. Calculate j(3).
49
Let w(q) = q**3 - 17*q**2 - 56*q + 701. Calculate w(18).
17
Let d(z) = -2*z**3 + 31*z**2 + 20*z - 18. Give d(16).
46
Let s(z) = -63*z - 372. Determine s(-6).
6
Let b(y) = 113*y + 890. Give b(-10).
-240
Let o(y) = -y**2 + 77*y - 284. Determine o(4).
8
Let a(b) = b**3 - 13*b**2 + 131*b - 1416. What is a(12)?
12
Let s(b) = 3*b**2 + 52*b + 19. Give s(-5).
-166
Let h(v) = -3*v**2 + 2*v + 334. What is h(11)?
-7
Let f(u) = -u**3 - 60*u**2 - 272*u + 154. Calculate f(-55).
-11
Let k(x) = x**3 + 5*x**2 - 4*x + 78. Calculate k(-7).
8
Let a(v) = -v**2 - 22*v - 31. Calculate a(-9).
86
Let v(l) = 133*l - 9973. Determine v(75).
2
Let g(r) = 3*r**2 - 89*r + 46. What is g(29)?
-12
Let j(x) = -x**3 - 76*x**2 + 72*x - 391. What is j(-77)?
-6
Let f(n) = -297*n - 18417. Calculate f(-62).
-3
Let q(g) = -3*g**2 - 7*g + 11. Determine q(-4).
-9
Let x(t) = 2859*t + 28607. Give x(-10).
17
Let f(v) = v**3 + 53*v**2 - 400*v + 1179. Give f(-60).
-21
Let p(w) = 124*w + 39. Calculate p(-1).
-85
Let y(c) = 23*c**2 + 230*c - 14. Determine y(-10).
-14
Let l(n) = -2*n**3 - 35*n**2 - 132*n - 4. Give l(-12).
-4
Let j(w) = -12*w**2 + 105*w - 15. What is j(7)?
132
Let g(y) = -28*y**3 - 3*y**2 + 8*y + 15. Determine g(-2).
211
Let k(q) = 6*q + 30. What is k(-2)?
18
Let w(i) = 9*i**3 - 11*i**2 + 5*i - 6. What is w(2)?
32
Let g(r) = 131*r - 2371. Calculate g(18).
-13
Let z(l) = -l**2 - 88*l - 548. What is z(-81)?
19
Let v(c) = 23*c**2 - 67*c + 4. Calculate v(3).
10
Let q(y) = -368*y + 1169. Calculate q(3).
65
Let l(c) = c**2 - 100*c - 11. Give l(0).
-11
Let t(y) = -6*y**2 + 59*y + 397. Give t(-7).
-310
Let f(a) = 1396*a + 82366. Determine f(-59).
2
Let s(z) = 9*z**2 - 20*z + 14. Give s(9).
563
Let k(j) = -j**3 - 5*j**2 + 9*j - 8. Determine k(-8).
112
Let n(p) = p**3 - 30*p**2 + 21*p - 630. Calculate n(30).
0
Let g(p) = p**2 - 221*p + 659. What is g(3)?
5
Let m(x) = -30*x - 811. Calculate m(-7).
-601
Let d(v) = -2*v**3 - 7*v**2 + 3*v + 3. Calculate d(3).
-105
Let g(y) = -y**3 + 10*y**2 + 28*y - 49. Calculate g(11).
138
Let g(s) = -32*s**2 - 1920*s - 20. Calculate g(-60).
-20
Let o(m) = -632*m - 4392. Give o(-7).
32
Let b(r) = 22*r - 1197. Give b(54).
-9
Let j(y) = -y**3 + 27*y**2 + 57*y - 1542. Determine j(27).
-3
Let t(n) = 3*n**3 - 106*n**2 + 19*n - 45. What is t(35)?
-605
Let t(x) = 1736*x - 17372. Calculate t(10).
-12
Let f(l) = 16*l**2 + 979*l + 132. Calculate f(-61).
-51
Let r(i) = -2*i**2 - 29*i + 692. Give r(-27).
17
Let w(u) = 6*u**2 + 127*u - 32. Determine w(-21).
-53
Let y(u) = -124*u - 368. Determine y(-3).
4
Let s(y) = y**3 - 60*y**2 + 1478*y - 83714. Give s(59).
7
Let c(z) = 5*z - 226. What is c(44)?
-6
Let d(p) = -p**2 + 100*p + 1650. Calculate d(-14).
54
Let l(g) = -21*g**2 - 371*g - 20. What is l(-19)?
-552
Let h(v) = 11*v**3 - 615*v**2 - 56*v - 13. Give h(56).
-13
Let 